{"id":453,"date":"2026-08-28T11:49:59","date_gmt":"2026-08-28T09:49:59","guid":{"rendered":"https:\/\/observatoriocosta.com\/home\/"},"modified":"2026-08-31T11:59:15","modified_gmt":"2026-08-31T09:59:15","slug":"home","status":"publish","type":"page","link":"https:\/\/observatoriocosta.com\/ca\/","title":{"rendered":"Home"},"content":{"rendered":"<div id=\"cs-content\" class=\"cs-content\"><\/div>\n","protected":false},"excerpt":{"rendered":"<p>festa de la fotografia L&#8217;Observatori COSTA: cultura i turisme sostenible, de nou nou a Mallorca. L&#8217;Observatori COSTA: cultura i turisme sostenible, de nou nou a Mallorca. &nbsp;Aquest esdeveniment es configura com a espai de coneixement que s&#8217;endinsa en el fenomen tur\u00edstic des d&#8217;una perspectiva actual, tra\u00e7ant un mapa en el qual s&#8217;entrellacen coneixement te\u00f2ric i pr\u00e0ctica art\u00edstica.festa de la fotografia&hellip;<\/p>\n","protected":false},"author":2,"featured_media":0,"parent":0,"menu_order":0,"comment_status":"closed","ping_status":"closed","template":"template-blank-4.php","meta":{"footnotes":""},"class_list":["post-453","page","type-page","status-publish","hentry","no-post-thumbnail"],"_links":{"self":[{"href":"https:\/\/observatoriocosta.com\/ca\/wp-json\/wp\/v2\/pages\/453","targetHints":{"allow":["GET"]}}],"collection":[{"href":"https:\/\/observatoriocosta.com\/ca\/wp-json\/wp\/v2\/pages"}],"about":[{"href":"https:\/\/observatoriocosta.com\/ca\/wp-json\/wp\/v2\/types\/page"}],"author":[{"embeddable":true,"href":"https:\/\/observatoriocosta.com\/ca\/wp-json\/wp\/v2\/users\/2"}],"replies":[{"embeddable":true,"href":"https:\/\/observatoriocosta.com\/ca\/wp-json\/wp\/v2\/comments?post=453"}],"version-history":[{"count":1,"href":"https:\/\/observatoriocosta.com\/ca\/wp-json\/wp\/v2\/pages\/453\/revisions"}],"predecessor-version":[{"id":454,"href":"https:\/\/observatoriocosta.com\/ca\/wp-json\/wp\/v2\/pages\/453\/revisions\/454"}],"wp:attachment":[{"href":"https:\/\/observatoriocosta.com\/ca\/wp-json\/wp\/v2\/media?parent=453"}],"curies":[{"name":"wp","href":"https:\/\/api.w.org\/{rel}","templated":true}]}}

<p>festa de la fotografia L&#8217;Observatori COSTA: cultura i turisme sostenible, de nou nou a Mallorca. L&#8217;Observatori COSTA: cultura i turisme sostenible, de nou nou a Mallorca. &nbsp;Aquest esdeveniment es configura com a espai de coneixement que s&#8217;endinsa en el fenomen turístic des d&#8217;una perspectiva actual, traçant un mapa en el qual s&#8217;entrellacen coneixement teòric i pràctica artística.festa de la fotografia&hellip;</p>
